{"id":39,"date":"2025-08-29T20:27:59","date_gmt":"2025-08-29T17:27:59","guid":{"rendered":"http:\/\/ozgunmatbaa.com\/?page_id=39"},"modified":"2025-09-03T09:58:07","modified_gmt":"2025-09-03T06:58:07","slug":"hizmetlerimiz","status":"publish","type":"page","link":"http:\/\/ozgunmatbaa.com\/index.php\/hizmetlerimiz\/","title":{"rendered":"Hizmetlerimiz"},"content":{"rendered":"<h1><strong>\u00d6zg\u00fcn Matbaa<\/strong> Olarak<br \/>NELER YAPIYORUZ?<\/h1>\n<ul>\n<li>\n<p>        <img decoding=\"async\" src=\"\/wp-content\/uploads\/pexels-photo-5240020-scaled.jpeg\" alt=\"\"><\/p>\n<h2>Kartvizit<\/h2>\n<div><a class=\"uk-button uk-button-text\">Online Katalog \u0130\u00e7in T\u0131klay\u0131n\u0131z<\/a><\/div>\n<p><a href=\"\/index.php\/online-katalog\/\"><\/a><\/p>\n<\/li>\n<li>\n<p>        <img decoding=\"async\" src=\"\/wp-content\/uploads\/pexels-photo-7653097-scaled.jpeg\" alt=\"\"><\/p>\n<h2>Bro\u015f\u00fcr<\/h2>\n<div><a class=\"uk-button uk-button-text\">Online Katalog \u0130\u00e7in T\u0131klay\u0131n\u0131z<\/a><\/div>\n<p><a href=\"\/index.php\/online-katalog\/\"><\/a><\/p>\n<\/li>\n<li>\n<p>        <img decoding=\"async\" src=\"\/wp-content\/uploads\/pexels-photo-2228563-scaled.jpeg\" alt=\"\"><\/p>\n<h2>Katalog  <\/h2>\n<div><a class=\"uk-button uk-button-text\">Online Katalog \u0130\u00e7in T\u0131klay\u0131n\u0131z<\/a><\/div>\n<p><a href=\"\/index.php\/online-katalog\/\"><\/a><\/p>\n<\/li>\n<li>\n<p>        <img decoding=\"async\" src=\"\/wp-content\/uploads\/pexels-photo-2228549-scaled.jpeg\" alt=\"\"><\/p>\n<h2>Afi\u015f &#038; Poster<\/h2>\n<div><a class=\"uk-button uk-button-text\">Online Katalog \u0130\u00e7in T\u0131klay\u0131n\u0131z<\/a><\/div>\n<p><a href=\"\/index.php\/online-katalog\/\"><\/a><\/p>\n<\/li>\n<li>\n<p>        <img decoding=\"async\" src=\"\/wp-content\/uploads\/pexels-photo-33714864-scaled.jpeg\" alt=\"\"><\/p>\n<h2>Etiket<\/h2>\n<div><a class=\"uk-button uk-button-text\">Online Katalog \u0130\u00e7in T\u0131klay\u0131n\u0131z<\/a><\/div>\n<p><a href=\"\/index.php\/online-katalog\/\"><\/a><\/p>\n<\/li>\n<li>\n<p>        <img decoding=\"async\" src=\"\/wp-content\/uploads\/pexels-photo-5706025-scaled.jpeg\" alt=\"\"><\/p>\n<h2>Zarf &#038; Antet<\/h2>\n<div><a class=\"uk-button uk-button-text\">Online Katalog \u0130\u00e7in T\u0131klay\u0131n\u0131z<\/a><\/div>\n<p><a href=\"\/index.php\/online-katalog\/\"><\/a><\/p>\n<\/li>\n<\/ul>\n<ul>\n<li>\n<p>        <img decoding=\"async\" src=\"\/wp-content\/uploads\/pexels-photo-6169056-scaled.jpeg\" alt=\"\"><\/p>\n<h2>Kutu &#038; Ambalaj<\/h2>\n<div><a class=\"uk-button uk-button-text\">Online Katalog \u0130\u00e7in T\u0131klay\u0131n\u0131z<\/a><\/div>\n<p><a href=\"\/index.php\/online-katalog\/\"><\/a><\/p>\n<\/li>\n<li>\n<p>        <img decoding=\"async\" src=\"\/wp-content\/uploads\/pexels-photo-6690218-scaled.jpeg\" alt=\"\"><\/p>\n<h2>Takvim &#038; Ajanda<\/h2>\n<div><a class=\"uk-button uk-button-text\">Online Katalog \u0130\u00e7in T\u0131klay\u0131n\u0131z<\/a><\/div>\n<p><a href=\"\/index.php\/online-katalog\/\"><\/a><\/p>\n<\/li>\n<\/ul>\n<h2><a href=\"\/index.php\/teklif-al\/\">Akl\u0131n\u0131zda \u00d6zel <br \/>\nBir \u00dcr\u00fcn &#038; Proje <br \/>\nFikri Mi Var ? <\/a><\/h2>\n<p><p>\n        <a href=\"\/index.php\/teklif-al\/\">Hemen Teklif Al<\/a>\n    <\/p>\n<\/p>\n<p><!--more--><br \/>\n<!-- {\"type\":\"layout\",\"children\":[{\"name\":\"Hero\",\"type\":\"section\",\"props\":{\"image_position\":\"center-center\",\"padding\":\"large\",\"style\":\"default\",\"title\":\"Services\",\"title_breakpoint\":\"l\",\"title_position\":\"top-right\",\"title_rotation\":\"left\",\"vertical_align\":\"\",\"width\":\"large\"},\"children\":[{\"type\":\"row\",\"children\":[{\"type\":\"column\",\"props\":{\"image_position\":\"center-center\",\"position_sticky_breakpoint\":\"m\",\"width_medium\":\"1-1\"},\"children\":[{\"type\":\"headline\",\"props\":{\"animation\":\"parallax\",\"content\":\"<strong>\\u00d6zg\\u00fcn Matbaa<\\\/strong> Olarak<br \\\/>NELER YAPIYORUZ?\",\"parallax_breakpoint\":\"m\",\"parallax_easing\":\"1\",\"parallax_y\":\"0,-75\",\"title_element\":\"h1\",\"title_style\":\"heading-medium\"}}]}]}]},{\"name\":\"Services\",\"type\":\"section\",\"props\":{\"animation_delay\":false,\"image_position\":\"center-center\",\"padding\":\"xsmall\",\"padding_remove_bottom\":false,\"padding_remove_top\":false,\"style\":\"default\",\"title_breakpoint\":\"s\",\"title_position\":\"top-right\",\"title_rotation\":\"left\",\"vertical_align\":\"\",\"width\":\"\"},\"children\":[{\"type\":\"row\",\"props\":{\"margin_remove_bottom\":false,\"margin_remove_top\":false},\"children\":[{\"type\":\"column\",\"props\":{\"image_position\":\"center-center\",\"position_sticky_breakpoint\":\"m\",\"width_medium\":\"1-1\"},\"children\":[{\"type\":\"gallery\",\"props\":{\"animation\":\"none\",\"filter_align\":\"left\",\"filter_all\":true,\"filter_grid_breakpoint\":\"m\",\"filter_grid_width\":\"auto\",\"filter_position\":\"top\",\"filter_style\":\"tab\",\"grid_column_gap\":\"small\",\"grid_default\":\"1\",\"grid_medium\":\"3\",\"grid_row_gap\":\"small\",\"grid_small\":\"2\",\"image_transition\":\"scale-up\",\"image_width\":\"850\",\"item_animation\":true,\"lightbox_bg_close\":true,\"link_style\":\"default\",\"link_text\":\"\",\"margin\":\"\",\"meta_align\":\"below-title\",\"meta_element\":\"div\",\"meta_style\":\"\",\"overlay_hover\":false,\"overlay_link\":true,\"overlay_margin\":\"large\",\"overlay_maxwidth\":\"large\",\"overlay_mode\":\"caption\",\"overlay_padding\":\"large\",\"overlay_position\":\"center\",\"overlay_style\":\"overlay-default\",\"overlay_transition\":\"fade\",\"parallax_easing\":\"1\",\"show_content\":true,\"show_hover_image\":true,\"show_hover_video\":true,\"show_link\":true,\"show_meta\":true,\"show_title\":true,\"text_align\":\"center\",\"text_color\":\"\",\"title_element\":\"h2\",\"title_hover_style\":\"reset\"},\"children\":[{\"type\":\"gallery_item\",\"props\":{\"content\":\"<a class=\\\"uk-button uk-button-text\\\">Online Katalog \\u0130\\u00e7in T\\u0131klay\\u0131n\\u0131z<\\\/a>\",\"image\":\"wp-content\\\/uploads\\\/pexels-photo-5240020-scaled.jpeg\",\"link\":\"index.php\\\/online-katalog\\\/\",\"title\":\"Kartvizit\"}},{\"type\":\"gallery_item\",\"props\":{\"content\":\"<a class=\\\"uk-button uk-button-text\\\">Online Katalog \\u0130\\u00e7in T\\u0131klay\\u0131n\\u0131z<\\\/a>\",\"image\":\"wp-content\\\/uploads\\\/pexels-photo-7653097-scaled.jpeg\",\"link\":\"index.php\\\/online-katalog\\\/\",\"title\":\"Bro\\u015f\\u00fcr\"}},{\"type\":\"gallery_item\",\"props\":{\"content\":\"<a class=\\\"uk-button uk-button-text\\\">Online Katalog \\u0130\\u00e7in T\\u0131klay\\u0131n\\u0131z<\\\/a>\",\"image\":\"wp-content\\\/uploads\\\/pexels-photo-2228563-scaled.jpeg\",\"link\":\"index.php\\\/online-katalog\\\/\",\"title\":\"Katalog  \"}},{\"type\":\"gallery_item\",\"props\":{\"content\":\"<a class=\\\"uk-button uk-button-text\\\">Online Katalog \\u0130\\u00e7in T\\u0131klay\\u0131n\\u0131z<\\\/a>\",\"image\":\"wp-content\\\/uploads\\\/pexels-photo-2228549-scaled.jpeg\",\"link\":\"index.php\\\/online-katalog\\\/\",\"title\":\"Afi\\u015f & Poster\"}},{\"type\":\"gallery_item\",\"props\":{\"content\":\"<a class=\\\"uk-button uk-button-text\\\">Online Katalog \\u0130\\u00e7in T\\u0131klay\\u0131n\\u0131z<\\\/a>\",\"image\":\"wp-content\\\/uploads\\\/pexels-photo-33714864-scaled.jpeg\",\"link\":\"index.php\\\/online-katalog\\\/\",\"title\":\"Etiket\"}},{\"type\":\"gallery_item\",\"props\":{\"content\":\"<a class=\\\"uk-button uk-button-text\\\">Online Katalog \\u0130\\u00e7in T\\u0131klay\\u0131n\\u0131z<\\\/a>\",\"image\":\"wp-content\\\/uploads\\\/pexels-photo-5706025-scaled.jpeg\",\"link\":\"index.php\\\/online-katalog\\\/\",\"title\":\"Zarf & Antet\"}}]}]}]},{\"type\":\"row\",\"props\":{\"column_gap\":\"small\",\"layout\":\"2-3,1-3\",\"margin_remove_bottom\":false,\"margin_remove_top\":false,\"row_gap\":\"small\"},\"children\":[{\"type\":\"column\",\"props\":{\"image_position\":\"center-center\",\"position_sticky_breakpoint\":\"m\",\"width_medium\":\"2-3\"},\"children\":[{\"type\":\"gallery\",\"props\":{\"animation\":\"none\",\"filter_align\":\"left\",\"filter_all\":true,\"filter_grid_breakpoint\":\"m\",\"filter_grid_width\":\"auto\",\"filter_position\":\"top\",\"filter_style\":\"tab\",\"grid_column_gap\":\"small\",\"grid_default\":\"1\",\"grid_medium\":\"\",\"grid_row_gap\":\"small\",\"grid_small\":\"2\",\"image_transition\":\"scale-up\",\"image_width\":\"850\",\"item_animation\":true,\"lightbox_bg_close\":true,\"link_style\":\"default\",\"link_text\":\"\",\"margin\":\"small\",\"meta_align\":\"below-title\",\"meta_element\":\"div\",\"meta_style\":\"\",\"overlay_hover\":false,\"overlay_link\":true,\"overlay_margin\":\"large\",\"overlay_maxwidth\":\"large\",\"overlay_mode\":\"caption\",\"overlay_padding\":\"large\",\"overlay_position\":\"center\",\"overlay_style\":\"overlay-default\",\"overlay_transition\":\"fade\",\"parallax_easing\":\"1\",\"show_content\":true,\"show_hover_image\":true,\"show_hover_video\":true,\"show_link\":true,\"show_meta\":true,\"show_title\":true,\"text_align\":\"center\",\"text_color\":\"\",\"title_element\":\"h2\",\"title_hover_style\":\"reset\"},\"children\":[{\"type\":\"gallery_item\",\"props\":{\"content\":\"<a class=\\\"uk-button uk-button-text\\\">Online Katalog \\u0130\\u00e7in T\\u0131klay\\u0131n\\u0131z<\\\/a>\",\"image\":\"wp-content\\\/uploads\\\/pexels-photo-6169056-scaled.jpeg\",\"link\":\"index.php\\\/online-katalog\\\/\",\"title\":\"Kutu & Ambalaj\"}},{\"type\":\"gallery_item\",\"props\":{\"content\":\"<a class=\\\"uk-button uk-button-text\\\">Online Katalog \\u0130\\u00e7in T\\u0131klay\\u0131n\\u0131z<\\\/a>\",\"image\":\"wp-content\\\/uploads\\\/pexels-photo-6690218-scaled.jpeg\",\"link\":\"index.php\\\/online-katalog\\\/\",\"title\":\"Takvim & Ajanda\"}}]}]},{\"type\":\"column\",\"props\":{\"image_position\":\"center-center\",\"position_sticky_breakpoint\":\"m\",\"vertical_align\":\"middle\",\"width_medium\":\"1-3\"},\"children\":[{\"type\":\"headline\",\"props\":{\"animation\":\"parallax\",\"block_align\":\"center\",\"content\":\"Akl\\u0131n\\u0131zda \\u00d6zel <br \/>\\nBir \\u00dcr\\u00fcn & Proje <br \/>\\nFikri Mi Var ? \",\"css\":\"@media (max-width: 1460px)  {\\n\\t.el-element { margin-top: 70px; }\\n}\",\"link\":\"index.php\\\/teklif-al\\\/\",\"maxwidth\":\"large\",\"parallax_breakpoint\":\"m\",\"parallax_easing\":\"1\",\"parallax_end\":\"60vh + 60%\",\"parallax_opacity\":\"0.3,1\",\"parallax_y\":\"20,0\",\"text_align\":\"center\",\"title_element\":\"h2\"}},{\"type\":\"button\",\"props\":{\"animation\":\"none\",\"grid_column_gap\":\"\",\"grid_row_gap\":\"\",\"margin\":\"medium\",\"text_align\":\"center\"},\"children\":[{\"type\":\"button_item\",\"props\":{\"button_style\":\"text\",\"content\":\"Hemen Teklif Al\",\"dialog_layout\":\"modal\",\"dialog_offcanvas_flip\":true,\"icon\":\"rss\",\"icon_align\":\"left\",\"link\":\"index.php\\\/teklif-al\\\/\"}}]}]}]}]}],\"version\":\"4.5.25\"} --><\/p>\n","protected":false},"excerpt":{"rendered":"<p>\u00d6zg\u00fcn Matbaa OlarakNELER YAPIYORUZ? Kartvizit Online Katalog \u0130\u00e7in T\u0131klay\u0131n\u0131z Bro\u015f\u00fcr Online Katalog \u0130\u00e7in T\u0131klay\u0131n\u0131z Katalog Online Katalog \u0130\u00e7in T\u0131klay\u0131n\u0131z Afi\u015f &#038; Poster Online Katalog \u0130\u00e7in T\u0131klay\u0131n\u0131z Etiket Online Katalog \u0130\u00e7in T\u0131klay\u0131n\u0131z Zarf &#038; Antet Online Katalog \u0130\u00e7in T\u0131klay\u0131n\u0131z Kutu &#038; Ambalaj Online Katalog \u0130\u00e7in T\u0131klay\u0131n\u0131z Takvim &#038; Ajanda Online Katalog \u0130\u00e7in T\u0131klay\u0131n\u0131z Akl\u0131n\u0131zda \u00d6zel Bir [&hellip;]<\/p>\n","protected":false},"author":1,"featured_media":0,"parent":0,"menu_order":0,"comment_status":"closed","ping_status":"closed","template":"","meta":{"footnotes":""},"class_list":["post-39","page","type-page","status-publish","hentry"],"_links":{"self":[{"href":"http:\/\/ozgunmatbaa.com\/index.php\/wp-json\/wp\/v2\/pages\/39","targetHints":{"allow":["GET"]}}],"collection":[{"href":"http:\/\/ozgunmatbaa.com\/index.php\/wp-json\/wp\/v2\/pages"}],"about":[{"href":"http:\/\/ozgunmatbaa.com\/index.php\/wp-json\/wp\/v2\/types\/page"}],"author":[{"embeddable":true,"href":"http:\/\/ozgunmatbaa.com\/index.php\/wp-json\/wp\/v2\/users\/1"}],"replies":[{"embeddable":true,"href":"http:\/\/ozgunmatbaa.com\/index.php\/wp-json\/wp\/v2\/comments?post=39"}],"version-history":[{"count":6,"href":"http:\/\/ozgunmatbaa.com\/index.php\/wp-json\/wp\/v2\/pages\/39\/revisions"}],"predecessor-version":[{"id":273,"href":"http:\/\/ozgunmatbaa.com\/index.php\/wp-json\/wp\/v2\/pages\/39\/revisions\/273"}],"wp:attachment":[{"href":"http:\/\/ozgunmatbaa.com\/index.php\/wp-json\/wp\/v2\/media?parent=39"}],"curies":[{"name":"wp","href":"https:\/\/api.w.org\/{rel}","templated":true}]}}